*d**2 - 191*d - 423. Give r(-5).
-168
Let l(v) = 5*v**2 - 30900*v - 371516. Give l(-12).
4
Let u(r) = r**2 + 2018*r + 39960. What is u(-20)?
0
Let j(u) = -3487*u**2 + 13383*u - 6. Calculate j(4).
-2266
Let b(y) = -3902352*y + 39023524. What is b(10)?
4
Let g(h) = -764*h - 174. Give g(0).
-174
Let d(w) = -8715*w**2 + 78456*w - 189. Give d(9).
0
Let h(m) = -9200*m - 137495. Calculate h(-15).
505
Let t(b) = 24*b**2 + 789*b + 4713. Determine t(-25).
-12
Let f(a) = a**3 - 534*a**2 - 8739*a - 33516. Determine f(550).
34
Let t(j) = -10112*j - 303280. Determine t(-30).
80
Let c(g) = 2*g**2 + 814*g + 25332. Determine c(-373).
-32
Let j(h) = -10277*h + 1654572. What is j(161)?
-25
Let b(n) = 5*n**3 + 109*n**2 - 55*n + 1. What is b(-22)?
727
Let v(y) = 332*y**2 + 16268*y - 72. Determine v(-49).
-72
Let w(a) = -4483*a + 237603. What is w(53)?
4
Let g(h) = 202*h + 5056. What is g(-26)?
-196
Let s(t) = -9*t**3 + t**2 - 43*t - 31. Give s(5).
-1346
Let x(t) = 3171*t - 66708. Give x(21).
-117
Let j(y) = 5240*y - 681206. Calculate j(130).
-6
Let t(z) = -984*z - 7774. Determine t(-10).
2066
Let g(a) = 2112*a + 12344. Calculate g(-6).
-328
Let h(t) = 379214*t - 14789349. Determine h(39).
-3
Let p(v) = 25*v**2 - 524*v + 121. Give p(19).
-810
Let c(b) = 7*b**2 + 1455*b + 18933. Give c(-194).
115
Let n(o) = -o**3 + 724*o**2 - 30552*o - 141. Determine n(45).
-6
Let b(y) = -y**3 - 60*y**2 - 451*y + 3771. What is b(-49)?
-541
Let l(g) = g**2 + 137*g + 3791. Calculate l(-39).
-31
Let d(u) = -u**3 - 2*u**2 + 106*u + 178. Determine d(13).
-979
Let i(k) = 7530*k - 45083. Give i(6).
97
Let d(g) = 43*g**2 - 323*g - 561. What is d(9)?
15
Let k(f) = 594336*f + 1188657. Determine k(-2).
-15
Let f(v) = 136*v + 195. Calculate f(11).
1691
Let j(m) = 2*m**2 - 228*m - 3894. Determine j(-15).
-24
Let s(r) = -r**3 + 94*r**2 - 374*r + 1282. What is s(90)?
22
Let z(i) = -i**3 - 23*i**2 + 675*i - 5162. What is z(-42)?
4
Let s(y) = -89*y**2 + 2725*y + 13650. Calculate s(-5).
-2200
Let i(n) = -158*n + 7985. Calculate i(74).
-3707
Let m(q) = 25*q**3 - 226*q**2 + 197*q + 30. Calculate m(1).
26
Let m(o) = -o**3 + 137*o**2 - 1053*o + 164001. Give m(138).
-357
Let j(k) = 818*k**2 - 162786*k + 803. Determine j(199).
7
Let y(r) = -8*r**2 - 1870*r - 13485. Give y(-7).
-787
Let n(z) = -53*z - 51. Calculate n(8).
-475
Let d(u) = u**3 - 446*u**2 - 7385*u + 107. Calculate d(-16).
-5
Let z(p) = 3*p**2 + 289*p + 9722. What is z(-30)?
3752
Let j(p) = 84*p**2 + 293*p - 1287. What is j(5)?
2278
Let d(r) = -11166*r - 78477. Give d(-7).
-315
Let s(r) = -6*r**3 + 1110*r**2 + 4549*r - 2473. Determine s(189).
-16
Let x(z) = z**3 + 28*z**2 + 1593*z + 49533. Give x(-30).
-57
Let z(l) = -14*l**2 - 1777*l - 10055. What is z(-121)?
-12
Let v(q) = 9917898*q - 29753689. Give v(3).
5
Let y(z) = 2093*z - 7928. Give y(3).
-1649
Let r(c) = -345063*c - 8281506. What is r(-24)?
6
Let x(h) = -h**2 - 12333*h - 49300. Give x(-4).
16
Let j(g) = -g**3 - 9141*g**2 - 118672*g - 94. Give j(-13).
10
Let p(q) = 470*q - 9908. Calculate p(21).
-38
Let a(w) = -w**2 - 428*w - 5170. What is a(-416)?
-178
Let x(m) = -36*m**2 - 4327*m + 3481. What is x(-121)?
-28
Let s(h) = 58*h + 106. What is s(-11)?
-532
Let t(b) = -9*b**2 - 1471*b + 13242. Calculate t(-172).
-2
Let l(n) = -695*n + 20893. Determine l(27).
2128
Let s(y) = -3*y**2 + 417*y + 1112. Give s(142).
-166
Let a(h) = -h**3 + 350*h**2 - 9306*h - 72. What is a(29)?
15
Let t(c) = -1013*c - 11112. Determine t(-11).
31
Let j(w) = -1281*w + 185790. Calculate j(145).
45
Let s(g) = -448757*g - 3590052. Calculate s(-8).
4
Let q(a) = -2*a**3 + 596*a**2 + 1856*a - 15034. Calculate q(301).
16
Let w(y) = y**2 + 190213*y - 4185170. Determine w(22).
0
Let s(z) = -820*z + 198389. What is s(242)?
-51
Let t(p) = p**3 - 11*p**2 - 1141*p + 4681. Determine t(4).
5
Let s(n) = -62*n**2 + 371*n + 2274. Determine s(-6).
-2184
Let f(y) = -3*y**2 + 330*y - 11004. What is f(43)?
-2361
Let n(h) = 8*h**3 + 92*h**2 + 222*h + 7. What is n(-3)?
-47
Let y(k) = 10*k**3 - 81*k**2 - 2616*k + 20984. Give y(8).
-8
Let m(p) = p**2 + 17343*p + 190656. What is m(-11)?
4
Let r(q) = -q**2 + 1386*q - 38561. Determine r(28).
-537
Let g(q) = -q**3 - 176*q**2 - 3885*q + 555. What is g(-150)?
-1695
Let d(b) = 8*b**2 - 454*b - 3493. Determine d(-8).
651
Let c(b) = 143*b - 9352. Calculate c(66).
86
Let r(i) = 2*i**3 - 136*i**2 - 4428*i + 49. Calculate r(92).
-1055
Let l(q) = q**2 + 3275*q - 19684. What is l(6)?
2
Let u(c) = c**3 + 45*c**2 + 26*c + 376. What is u(-43)?
2956
Let u(q) = -q**3 + 54*q**2 + 576*q + 217. Calculate u(-9).
136
Let j(i) = 2*i**2 - 426*i + 22255. Calculate j(98).
-285
Let r(h) = -h**3 - 114*h**2 - 484*h - 41826. What is r(-113)?
97
Let f(v) = -3253*v + 97602. What is f(30)?
12
Let p(a) = -9*a**3 + 6*a**2 - 6*a + 106. Give p(0).
106
Let w(z) = -z**3 + 85*z**2 - 1311*z + 938. Give w(65).
223
Let k(v) = -v**2 - 131*v - 1017. Determine k(-77).
3141
Let m(b) = -b**3 + 171*b**2 + 200*b - 4759. Calculate m(172).
57
Let z(a) = 200*a - 1254. Determine z(7).
146
Let v(f) = f**3 + 81*f**2 + 1301*f + 108. What is v(-59)?
-69
Let m(q) = 157*q**2 + 2478*q - 19. What is m(-16)?
525
Let f(r) = -3*r**3 + 37*r**2 - 105*r + 116. Give f(9).
-19
Let b(z) = -z**2 - 158*z - 638. Calculate b(-154).
-22
Let q(d) = d**3 + 7*d**2 - 6797*d - 27213. Determine q(-4).
23
Let k(d) = -15*d**3 - 709*d**2 - 707*d - 2. What is k(-1)?
11
Let d(c) = -2*c**3 + 13*c**2 + 6680*c - 40120. Calculate d(6).
-4
Let p(z) = z**2 - 13*z - 1774. Calculate p(48).
-94
Let q(b) = -148*b - 1005. What is q(-10)?
475
Let w(t) = 69*t**3 + 5*t**2 + 23*t + 33. Give w(-2).
-545
Let i(y) = -892*y + 4945. Give i(6).
-407
Let k(s) = 1265*s**2 - 373176*s + 278. Give k(295).
-17
Let f(d) = -155*d**2 - 5554*d + 4. Calculate f(-35).
4519
Let q(k) = -2*k**2 + 3677*k - 44059. Determine q(12).
-223
Let n(u) = u**3 - 23*u**2 - 370*u + 9415. What is n(24)?
1111
Let c(q) = q**2 - 34390*q + 1854193. Calculate c(54).
49
Let s(q) = 13734*q + 68818. Determine s(-5).
148
Let k(s) = 14026*s - 139518. Determine k(10).
742
Let w(h) = 539*h**2 - 139*h + 140. Give w(1).
540
Let r(l) = 561*l + 64525. What is r(-115)?
10
Let x(s) = -2154*s**2 + 32297*s + 183. What is x(15)?
-12
Let u(j) = 1626*j**3 + 12*j**2 + 10*j - 24. What is u(1)?
1624
Let c(j) = j**3 - 169*j**2 + 4579*j + 1786. Calculate c(135).
301
Let b(u) = u**3 + 56*u**2 - 4009*u + 96. Give b(-97).
3200
Let o(l) = -290430*l + 871281. What is o(3)?
-9
Let r(q) = 800*q**3 - 3210*q**2 + 66*q - 107. What is r(4)?
-3
Let l(v) = -1931*v + 14456. What is l(7)?
939
Let f(s) = -s**3 + 20*s**2 + 161*s - 559. What is f(26)?
-429
Let p(k) = -k**2 - 2426*k + 24339. Determine p(10).
-21
Let f(u) = -1758*u + 139995. Give f(79).
1113
Let a(s) = 583*s + 4323. What is a(-9)?
-924
Let s(z) = 2*z**3 + 32*z + 1161. Give s(0).
1161
Let p(z) = z**3 - 71*z**2 + 2070*z - 161768. Calculate p(73).
0
Let w(y) = 660*y + 59536. Calculate w(-84).
4096
Let k(q) = -135*q**2 + 12146*q - 23412. Give k(88).
-4
Let n(y) = 4*y**2 + 111*y + 351. What is n(-35)?
1366
Let n(m) = -3273*m + 320732. Give n(98).
-22
Let k(u) = 1612*u + 17504. Calculate k(-11).
-228
Let b(u) = u**2 - 603*u + 75187. Determine b(427).
35
Let b(a) = -7766*a + 683414. Determine b(88).
6
Let u(k) = k**3 - 10*k**2 + 61*k + 100. Give u(14).
1738
Let l(n) = 12*n**2 + 15147*n - 45467. Give l(3).
82
Let j(s) = -848*s + 6769. Calculate j(8).
-15
Let w(p) = p**2 + 192327*p + 1153913. What is w(-6)?
-13
Let q(j) = 7728*j - 15472. Calculate q(2).
-16
Let c(n) = -1518*n - 5134. What is c(-4)?
938
Let w(a) = 565*a + 2414. Determine w(-8).
-2106
Let h(x) = 32*x**2 - 2290*x - 13399. What is h(77)?
-1
Let z(u) = -7*u**2 - 4021*u + 49245. Determine z(12).
-15
Let z(g) = -6085*g + 152123. Calculate z(25).
-2
Let o(y) = -y**3 - 173*y**2 - 32*y - 5080. Calculate o(-173).
456
Let i(o) = -12468*o - 236841. What is i(-19)?
51
Let f(a) = a**2 - 1594*a - 83884. Determine f(-51).
11
Let i(v) = 2117*v + 8748. What is i(-4)?
280
Let b(w) = -3*w**3 + 275*w**2 + 101*w + 211. Give b(92).
1039
Let j(w) = 99*w**2 + 174*w + 495. Determine j(-3).
864
Let l(j) = -1359*j - 281309. Determine l(-207).
4
Let d(h) = -h**3 + 232*h**2 + 1193*h + 44. Calculate d(-5).
4
Let c(i) = -2*i**2 - 147126*i - 735599. What is c(-5)?
-19
Let c(m) =